8
Let i(y) = -y**3 - 70*y**2 - 124*y + 195. Calculate i(-68).
-621
Let d(r) = 22*r - 553. Calculate d(25).
-3
Let o(q) = -q**3 - 8*q**2 - 32*q - 478. Give o(-13).
783
Let w(i) = 7*i**2 - 50*i + 17. Calculate w(5).
-58
Let t(d) = -d**3 + 29*d**2 + 98*d - 81. Determine t(32).
-17
Let i(z) = z**3 + 42*z**2 + 3*z + 4012. Give i(-44).
8
Let k(g) = 163*g - 1783. What is k(11)?
10
Let g(l) = -52*l + 2. Determine g(2).
-102
Let b(f) = -22*f - 121. Determine b(-5).
-11
Let z(r) = -r**2 + 74*r + 561. Calculate z(-7).
-6
Let z(g) = -3*g**2 - 7*g + 112. Give z(5).
2
Let m(j) = 3*j**3 + 41*j**2 + 23*j + 511. Determine m(-14).
-7
Let k(v) = -866*v + 39828. Give k(46).
-8
Let g(q) = -q**3 + q**2 + 28*q + 10. Calculate g(6).
-2
Let h(z) = -149*z - 305. Give h(-2).
-7
Let h(w) = -4*w**2 + 35*w - 8. Calculate h(5).
67
Let v(u) = 7*u**2 - 20*u - 23. Determine v(-1).
4
Let g(u) = -120*u - 2055. Calculate g(-17).
-15
Let z(d) = 483*d - 8659. Calculate z(19).
518
Let q(v) = -6233*v + 68549. What is q(11)?
-14
Let o(c) = -160*c - 1453. What is o(-9)?
-13
Let f(x) = 1064*x + 157466. Determine f(-148).
-6
Let j(h) = 3*h**2 + 138*h - 2516. What is j(14)?
4
Let r(h) = -h**3 - 24*h**2 - 3*h + 244. Give r(-23).
-216
Let m(t) = -240*t + 974. Give m(4).
14
Let p(k) = -5*k**2 + 19*k - 75. Give p(4).
-79
Let q(z) = -5152*z - 61831. Calculate q(-12).
-7
Let m(t) = -t**2 + 60*t - 110. Determine m(58).
6
Let k(h) = h**3 - 11*h - 44. Give k(-4).
-64
Let x(w) = -43*w**2 + 613*w - 30. Calculate x(14).
124
Let f(k) = k**3 + 12*k**2 - 86*k - 1054. Give f(-10).
6
Let p(k) = 21*k**2 + 109*k - 9. Determine p(-5).
-29
Let d(k) = 11*k**2 + 90*k + 1. What is d(-8)?
-15
Let b(h) = -772*h - 10823. What is b(-14)?
-15
Let a(m) = -m**3 + 13*m**2 - 25*m + 170. What is a(12)?
14
Let n(x) = -285*x + 11. Give n(1).
-274
Let m(j) = -490*j + 25471. Determine m(52).
-9
Let i(b) = -22*b - 273. Give i(-8).
-97
Let m(r) = -3*r**3 - 3*r. What is m(3)?
-90
Let m(u) = 42*u - 13. What is m(2)?
71
Let s(n) = 3*n**3 + 301*n**2 + 107*n + 742. What is s(-100)?
42
Let t(n) = -2*n**3 - 17*n**2 - 9*n - 2. Calculate t(-8).
6
Let m(h) = -106*h**2 + 45*h + 46. Calculate m(-1).
-105
Let z(k) = -5*k**2 - 36*k + 158. Calculate z(-15).
-427
Let y(k) = 764*k + 79452. Determine y(-104).
-4
Let c(a) = -34*a**3 + 137*a**2 - 67*a + 253. Give c(4).
1
Let a(d) = -2*d + 75. Determine a(6).
63
Let p(r) = 180*r**2 - 4. Give p(-1).
176
Let u(w) = -w**2 - 431*w - 32402. Determine u(-97).
-4
Let y(x) = 10*x - 485. What is y(55)?
65
Let z(g) = -882*g + 2612. Calculate z(3).
-34
Let c(q) = -15104*q - 60417. Calculate c(-4).
-1
Let b(a) = -a**3 - 21*a**2 - 106*a + 39. What is b(-10)?
-1
Let j(m) = -m**3 + 2*m**2 - 6*m + 14. Calculate j(3).
-13
Let m(b) = -6*b**2 - 26*b + 19. Give m(9).
-701
Let m(r) = -r**2 - 5*r + 189. Give m(-9).
153
Let w(u) = 48*u + 438. What is w(-10)?
-42
Let u(g) = 42*g + 23. Give u(4).
191
Let s(w) = w**3 - 11*w**2 - 19*w - 141. Calculate s(13).
-50
Let g(f) = 125*f + 997. Calculate g(-8).
-3
Let z(j) = -2*j**2 - 24*j - 65. Calculate z(-13).
-91
Let c(n) = 14*n + 934. Give c(-57).
136
Let w(i) = -6*i**3 + 73*i**2 - 30*i + 203. Give w(12).
-13
Let u(h) = 11*h**3 + 4*h**2 + 19*h + 7. Determine u(-3).
-311
Let g(b) = 6*b + 247. What is g(22)?
379
Let l(r) = -11*r**2 + 447*r + 149. Calculate l(41).
-15
Let s(h) = h**3 - 6*h**2 - 3*h + 25. Give s(12).
853
Let m(b) = 17*b**2 - 7*b - 23. Give m(2).
31
Let g(k) = -1414*k + 19808. Give g(14).
12
Let b(g) = g**2 + 106*g + 1078. Calculate b(-12).
-50
Let h(j) = j**3 + 77*j**2 + 78*j + 164. What is h(-76)?
12
Let t(c) = 20*c**2 + 134*c - 562. What is t(4)?
294
Let n(r) = -r**3 + 82*r**2 + 37*r - 9605. Give n(81).
-47
Let f(k) = -k**2 - 96*k + 5982. Determine f(43).
5
Let g(o) = -17*o**2 + 8*o + 10. Give g(3).
-119
Let a(p) = -13*p + 887. Determine a(57).
146
Let h(o) = 3*o**2 + 327*o + 980. What is h(-106)?
26
Let g(y) = -y**3 - 11*y**2 + 24*y + 14. Calculate g(-10).
-326
Let v(f) = 17*f**2 - 1352*f + 709. What is v(79)?
-2
Let a(m) = -m**2 + 133*m - 3995. Calculate a(46).
7
Let l(u) = -u**3 + 11*u**2 + 2*u + 19. Give l(13).
-293
Let m(g) = -5*g + 27. Give m(10).
-23
Let l(o) = 110*o - 5191. Calculate l(46).
-131
Let k(t) = -626*t - 7521. Calculate k(-12).
-9
Let b(q) = 7*q**2 + 47*q - 151. Calculate b(3).
53
Let d(t) = t**2 + 24*t + 82. Calculate d(-13).
-61
Let g(i) = -i**2 + i - 104. Calculate g(0).
-104
Let v(n) = -242*n - 490. Calculate v(-2).
-6
Let p(j) = j**3 + j**2 - 8*j + 14. Determine p(-4).
-2
Let z(y) = -y**2 + 140*y - 551. Calculate z(4).
-7
Let f(q) = -2*q**2 + 53*q - 8. Determine f(29).
-153
Let r(d) = d**3 + 7*d**2 - 90. What is r(-6)?
-54
Let k(o) = -4*o - 87. Calculate k(-11).
-43
Let y(h) = 2*h**2 - 33*h + 30. Give y(11).
-91
Let f(q) = 4*q**3 + 33*q**2 - 61*q - 559. What is f(-8)?
-7
Let y(c) = -9*c**2 - 335*c - 36. Calculate y(-37).
38
Let b(z) = -41*z + 1035. Determine b(26).
-31
Let l(t) = 3*t**3 + 11*t**2 + 32*t + 104. Determine l(-4).
-40
Let l(t) = -t**3 + 5*t**2 + 73*t + 52. Calculate l(12).
-80
Let p(h) = 23*h + 807. What is p(-35)?
2
Let x(g) = 15*g**2 - g - 1. Calculate x(-1).
15
Let b(n) = -6*n + 60. Determine b(-17).
162
Let v(k) = k**3 - k**2 - 19*k - 1. Determine v(-4).
-5
Let w(g) = 25*g**2 - 140*g - 7. What is w(5)?
-82
Let g(a) = 330*a + 2969. Give g(-9).
-1
Let u(j) = 12*j - 7. What is u(0)?
-7
Let p(r) = -625*r + 35630. Determine p(57).
5
Let l(c) = -c**3 + 3*c**2 - 4*c + 29. Determine l(4).
-3
Let h(g) = 3531*g + 278947. What is h(-79)?
-2
Let c(x) = 8*x**3 - 56*x**2 + 4*x - 25. Calculate c(7).
3
Let p(x) = -26*x**3 - 10*x**2 + 18*x - 6. Calculate p(2).
-218
Let i(b) = -103*b - 1858. What is i(-18)?
-4
Let h(m) = m**3 - 6*m**2 - 130*m - 87. Calculate h(15).
-12
Let o(u) = -6*u**2 + 155*u - 19. Give o(26).
-45
Let m(c) = 3168*c + 15831. Calculate m(-5).
-9
Let w(d) = d**3 - 2*d + 9. Determine w(-7).
-320
Let y(n) = 7*n**2 - 8*n + 67. Determine y(6).
271
Let v(t) = t**3 - 7*t**2 + 10*t - 28. Calculate v(7).
42
Let c(j) = -2*j**3 - 11*j**2 - 15*j - 3. Give c(-7).
249
Let q(i) = -i**3 - 63*i**2 - 236*i - 4. Calculate q(-59).
-4
Let x(a) = 52*a - 133. Give x(3).
23
Let c(y) = -67*y + 4415. Calculate c(66).
-7
Let f(n) = -n**2 - 18*n + 405. Give f(-32).
-43
Let t(g) = -2*g**2 + 66*g - 415. Give t(7).
-51
Let b(j) = -3*j**3 + 55*j**2 - 28*j + 173. Determine b(18).
-7
Let v(h) = -728*h - 6582. Calculate v(-9).
-30
Let p(d) = 51*d - 1768. Determine p(35).
17
Let n(o) = 3*o**3 - 20*o**2 + 3*o - 2. What is n(6)?
-56
Let t(v) = -1730*v - 8658. Determine t(-5).
-8
Let l(u) = 172*u - 4272. What is l(25)?
28
Let j(g) = 309*g + 1388. What is j(-3)?
461
Let y(a) = -109*a - 10690. What is y(-98)?
-8
Let v(q) = q**2 + 24*q + 37. Give v(-24).
37
Let q(x) = 309*x**2 + 3397*x - 20. Give q(-11).
2
Let f(u) = -3*u**2 - 113*u + 264. Determine f(-40).
-16
Let p(b) = b**2 - 18*b - 855. Determine p(-21).
-36
Let u(b) = -4*b**2 + 45*b + 738. Give u(-9).
9
Let p(u) = -2241*u - 8962. Determine p(-4).
2
Let w(a) = 876*a - 10518. Calculate w(12).
-6
Let b(i) = -4*i + 12. Give b(0).
12
Let q(l) = 2*l**3 + 109*l**2 + 45*l - 498. What is q(-54)?
-12
Let l(z) = -30*z + 266. Give l(6).
86
Let s(c) = c**3 - 34*c**2 + 186*c + 77. What is s(27)?
-4
Let y(j) = -122*j - 3136. Give y(-26).
36
Let y(a) = -26*a - 354. Determine y(-14).
10
Let d(h) = -3*h**3 - 20*h**2 + 27*h - 52. Give d(-8).
-12
Let q(x) = 19*x**2 - 114*x + 40. Give q(10).
800
Let s(i) = -22*i**3 - 5*i**2 + 3*i - 4. Determine s(3).
-634
Let u(j) = 90*j**2 - 538*j - 11. Give u(6).
1
Let w(x) = -16*x + 112. Calculate w(8).
-16
Let g(i) = -i**2 - 92*i + 909. What is g(10)?
-111
Let m(w) = w**3 + 13*w**2 + 1530*w + 16589. Determine m(-11).
1
Let v(i) = -i**3 - 26*i**2 + 90*i - 166. Calculate v(-29).
-253
Let a(r) = -r**2 + 831*r + 15281. Determine a(-18).
-1
Let a(q) = -79*q - 2317. Calculate a(-31).
132
Let s(l) = -l**3 - 8*l**2 + 99*l - 72. Calculate s(-15).
18
Let o(k) = -2*k**3 - 120*k**2 + 123*k + 54. Give o(-61).
-7
Let j(s) = -17*s**2 + 14*s + 127. Give j(-7).
-804
Let j(a) = -5*a**2 + 63*a + 27. Give j(13).
1
Let v(m) = m**3 + 9*m**2 - 53*m + 6. Give v(-13).
19
Let k(d) = -2*d**2 + 15*d + 242. What is k(15)?
17
Let y(v) = -4*v**2 + 16*v - 1. Determine y(5).
-21
Let k(z) = z**3 + 36*z**2 + 39*z + 98. Giv